
22
What is the remainder when 1069 is divided by 45?
34
Calculate the remainder when 95 is divided by 48.
47
Calculate the remainder when 354 is divided by 354.
0
What is the remainder when 243 is divided by 123?
120
Calculate the remainder when 27538 is divided by 81.
79
Calculate the remainder when 2549 is divided by 1.
0
Calculate the remainder when 2886 is divided by 19.
17
Calculate the remainder when 432 is divided by 14.
12
What is the remainder when 474 is divided by 48?
42
What is the remainder when 337 is divided by 26?
25
What is the remainder when 1009 is divided by 247?
21
What is the remainder when 55 is divided by 30?
25
What is the remainder when 1158 is divided by 58?
56
What is the remainder when 439 is divided by 21?
19
Calculate the remainder when 91 is divided by 5.
1
Calculate the remainder when 53 is divided by 24.
5
What is the remainder when 1266 is divided by 137?
33
Calculate the remainder when 542 is divided by 23.
13
Calculate the remainder when 557 is divided by 41.
24
Calculate the remainder when 3964 is divided by 13.
12
Calculate the remainder when 5881 is divided by 37.
35
Calculate the remainder when 1389 is divided by 46.
9
Calculate the remainder when 126 is divided by 32.
30
What is the remainder when 1932 is divided by 57?
51
What is the remainder when 118 is divided by 71?
47
What is the remainder when 1592 is divided by 94?
88
Calculate the remainder when 172 is divided by 8.
4
What is the remainder when 20 is divided by 11?
9
Calculate the remainder when 231 is divided by 114.
3
Calculate the remainder when 5939 is divided by 11.
10
What is the remainder when 104 is divided by 36?
32
What is the remainder when 878 is divided by 438?
2
What is the remainder when 196 is divided by 9?
7
Calculate the remainder when 6232 is divided by 29.
26
Calculate the remainder when 1492 is divided by 30.
22
Calculate the remainder when 550 is divided by 69.
67
Calculate the remainder when 2731 is divided by 28.
15
What is the remainder when 296 is divided by 11?
10
Calculate the remainder when 27 is divided by 6.
3
Calculate the remainder when 189 is divided by 94.
1
Calculate the remainder when 1885 is divided by 23.
22
Calculate the remainder when 95 is divided by 10.
5
What is the remainder when 162 is divided by 76?
10
Calculate the remainder when 43 is divided by 23.
20
Calculate the remainder when 172 is divided by 22.
18
Calculate the remainder when 528 is divided by 37.
10
Calculate the remainder when 1290 is divided by 38.
36
Calculate the remainder when 11027 is divided by 107.
6
Calculate the remainder when 276 is divided by 42.
24
What is the remainder when 72 is divided by 68?
4
Calculate the remainder when 361 is divided by 67.
26
What is the remainder when 1400 is divided by 23?
20
What is the remainder when 972 is divided by 58?
44
Calculate the remainder when 1063 is divided by 7.
6
What is the remainder when 33 is divided by 12?
9
What is the remainder when 709 is divided by 51?
46
Calculate the remainder when 3887 is divided by 144.
143
Calculate the remainder when 12 is divided by 12.
0
What is the remainder when 45 is divided by 20?
5
Calculate the remainder when 610 is divided by 56.
50
Calculate the remainder when 1882 is divided by 1862.
20
What is the remainder when 11650 is divided by 105?
100
What is the remainder when 1795 is divided by 45?
40
Calculate the remainder when 1374 is divided by 86.
84
Calculate the remainder when 574 is divided by 32.
30
Calculate the remainder when 8230 is divided by 36.
22
What is the remainder when 121 is divided by 46?
29
Calculate the remainder when 128 is divided by 38.
14
What is the remainder when 860 is divided by 295?
270
Calculate the remainder when 159 is divided by 32.
31
Calculate the remainder when 129 is divided by 22.
19
Calculate the remainder when 7726 is divided by 51.
25
Calculate the remainder when 1050 is divided by 32.
26
What is the remainder when 378 is divided by 9?
0
Calculate the remainder when 60 is divided by 31.
29
What is the remainder when 1187 is divided by 388?
23
Calculate the remainder when 1880 is divided by 27.
17
Calculate the remainder when 114 is divided by 23.
22
What is the remainder when 13127 is divided by 268?
263
What is the remainder when 8148 is divided by 143?
140
What is the remainder when 5 is divided by 3?
2
What is the remainder when 2517 is divided by 6?
3
What is the remainder when 183 is divided by 61?
0
Calculate the remainder when 174 is divided by 44.
42
What is the remainder when 377 is divided by 95?
92
What is the remainder when 87 is divided by 11?
10
What is the remainder when 408 is divided by 18?
12
Calculate the remainder when 508 is divided by 5.
3
What is the remainder when 35 is divided by 6?
5
What is the remainder when 2224 is divided by 171?
1
Calculate the remainder when 325 is divided by 123.
79
What is the remainder when 623 is divided by 25?
23
What is the remainder when 122 is divided by 118?
4
Calculate the remainder when 407 is divided by 103.
98
Calculate the remainder when 186 is divided by 52.
30
Calculate the remainder when 232 is divided by 22.
12
What is the remainder when 419 is divided by 146?
127
What is the remainder when 111 is divided by 32?
15
What is the remainder when 61 is divided by 60?
1
What is the remainder when 14040 is divided by 31?
28
Calculate the remainder when 2972 is divided by 981.
29
Calculate the remainder when 102106 is divided by 201.
199
Calculate the remainder when 141 is divided by 30.
21
Calculate the remainder when 4726 is divided by 22.
18
Calculate the remainder when 645 is divided by 38.
37
Calculate the remainder when 864 is divided by 87.
81
Calculate the remainder when 78 is divided by 46.
32
What is the remainder when 6091 is divided by 405?
16
What is the remainder when 142 is divided by 32?
14
Calculate the remainder when 7564 is divided by 85.
84
Calculate the remainder when 246 is divided by 47.
11
What is the remainder when 34 is divided by 11?
1
What is the remainder when 599 is divided by 28?
11
What is the remainder when 10666 is divided by 20?
6
What is the remainder when 299 is divided by 113?
73
What is the remainder when 768 is divided by 11?
9
Calculate the remainder when 1098 is divided by 13.
6
Calculate the remainder when 234 is divided by 120.
114
Calculate the remainder when 1208 is divided by 101.
97
Calculate the remainder when 83 is divided by 49.
34
What is the remainder when 275 is divided by 31?
27
Calculate the remainder when 1919 is divided by 120.
119
What is the remainder when 523 is divided by 35?
33
What is the remainder when 265 is divided by 67?
64
What is the remainder when 1232 is divided by 73?
64
Calculate the remainder when 226 is divided by 19.
17
What is the remainder when 6646 is divided by 14?
10
What is the remainder when 899 is divided by 113?
108
Calculate the remainder when 109 is divided by 26.
5
Calculate the remainder when 469 is divided by 10.
9
What is the remainder when 830 is divided by 13?
11
What is the remainder when 4077 is divided by 6?
3
What is the remainder when 3094 is divided by 18?
16
Calculate the remainder when 172 is divided by 110.
62
Calculate the remainder when 1046 is divided by 18.
2
What is the remainder when 70 is divided by 10?
0
What is the remainder when 64 is divided by 17?
13
What is the remainder when 2038 is divided by 57?
43
Calculate the remainder when 922 is divided by 30.
22
Calculate the remainder when 371 is divided by 4.
3
What is the remainder when 24 is divided by 8?
0
Calculate the remainder when 96061 is divided by 38.
35
Calculate the remainder when 761 is divided by 131.
106
Calculate the remainder when 51 is divided by 8.
3
What is the remainder when 46749 is divided by 24?
21
What is the remainder when 353 is divided by 286?
67
What is the remainder when 1162 is divided by 78?
70
What is the remainder when 304 is divided by 255?
49
What is the remainder when 2276 is divided by 79?
64
Calculate the remainder when 2959 is divided by 368.
15
Calculate the remainder when 110 is divided by 37.
36
What is the remainder when 170 is divided by 138?
32
Calculate the remainder when 1519 is divided by 61.
55
Calculate the remainder when 480 is div